et j(s) = s**3 - 4*s**2 + 3*s - 1. What is the remainder when (-30)/k - (-2 - 795/21) is divided by j(4)?
7
Calculate the remainder when 21/(-4)*(-2 - 2) is divided by ((-12)/8)/((-14)/1232*12).
10
Suppose -4*q = -18*q + 6*q + 31552. What is the remainder when q is divided by 15?
14
Suppose 2*d - 14 = -o, -5*o = 4*d + 26 - 102. Suppose -f = -116 + o. What is the remainder when f is divided by 26?
22
Suppose -3*y = 3*t - 0*y + 9, -3*y = 4*t + 7. Suppose 4*a + 0*a - 3*o = 88, -t*a = 4*o - 22. Calculate the remainder when 54 is divided by a.
16
Suppose -192 = 15*b + 9*b. Let p = b - -23. What is the remainder when 24 is divided by p?
9
Suppose 5*u - 284 + 259 = 0, 4*u = -3*d + 968. What is the remainder when d is divided by 78?
4
Calculate the remainder when 65 is divided by (60/(-12) - -2)*57/(-3).
8
Suppose -55*q + 123*q = 6732. What is the remainder when 110 is divided by q?
11
Suppose -5*q = -2*q - 18. Let a = -139 + 155. Calculate the remainder when a + 14 - (-1)/(3/(-9)) is divided by q.
3
Let f = 5 + -3. Suppose 5*t = -b - f - 4, -2*b - 5*t + 3 = 0. Let g(j) = -2*j**3 + 18*j**2 + 11*j + 10. Calculate the remainder when g(b) is divided by 28.
25
Let y(w) = -w**2 - 21*w + 178. Calculate the remainder when y(-14) is divided by 50.
26
Suppose 4*u - p = 2555, -5 = -5*p - 0. Suppose -3*s = -3*f + u, 6*f = 10*f - 5*s - 853. Calculate the remainder when f is divided by 71.
70
Let k(v) = v**2 - 2*v + 2. Suppose 20 = 2*p - 4*d, -d + 9 = -3*p + 6*p. Suppose 0 = 5*i - 6*i + p. Calculate the remainder when k(-4) is divided by i.
2
Let h = -6814 + 7940. Calculate the remainder when h is divided by 26.
8
Suppose -2*t + 2*i + 112 = -2*i, 0 = 9*i - 63. What is the remainder when 30309 is divided by t?
69
Suppose -11*w + 40 + 7 = -316. Calculate the remainder when 3228 is divided by w.
27
Suppose 165*z + 112 = 172*z. Suppose z*t + t = 357. Calculate the remainder when 64 is divided by t.
1
Let y(g) be the third derivative of -19*g**4/24 + 7*g**3/6 + 2*g**2. What is the remainder when y(-8) is divided by 252/9*16/14?
31
Let i(b) = 7*b - 2. Suppose -8*p + 10 = -3*p. Let f be i(p). Calculate the remainder when 69 is divided by ((-545)/(-30) - 0) + (-2)/f.
15
Let y(t) = -6*t**3 - 2*t**2. Let z be y(-2). Suppose 4*j + z = 2*a - 8, -3*j = 2*a - 20. Calculate the remainder when 110 is divided by a.
14
What is the remainder when 2048748/3381 + (-6)/(-147) is divided by 99?
12
Let k be (21 + -19)*10/4. Suppose k = 5*s - 10*s, -2*s - 22 = -u. Suppose y + 2 - 7 = 0, -2*l = 5*y - 39. Calculate the remainder when u is divided by l.
6
Let g = -3438 + 3576. What is the remainder when 15455 is divided by g?
137
What is the remainder when (308790/(-4935))/((-16)/7 + 2) is divided by 87?
45
Let w(g) = -81*g + 1416. What is the remainder when 41 is divided by w(17)?
2
Let y(f) = -f**3 + 14*f**2 - 16*f - 11. Let l be y(13). Let c = -95 - l. Let p = -27 - c. What is the remainder when 34 is divided by p?
16
Suppose 2*g + 20 = 2*f, 6*g = 4*f + 4*g - 44. Calculate the remainder when 800 is divided by f.
8
Suppose 3*n - 151 = -2*v, 18*v - 20*v + 10 = 0. What is the remainder when n is divided by 8?
7
Let t(k) = 2*k**3 - 3*k**2 - 2*k. Let f be t(-1). What is the remainder when 96 is divided by f/(-2)*(-222)/(-37)?
6
What is the remainder when (-3 - -2822) + -10 - 6 is divided by 17?
15
Suppose -8*n - 77*n = 88*n - 16262. Calculate the remainder when 191 is divided by n.
3
Let r be (-4 - -5)/(1/(-6)). Let z be r/(-8) - (-72)/32. Suppose k = -3, z*c + 17 - 47 = -k. What is the remainder when 32 is divided by c?
10
Let m(b) = -b**2 + 26*b - 21. Let r be m(23). Suppose 2*x = -2*x + r. Let a(v) = -v**3 + 13*v**2 - 3*v - 10. What is the remainder when a(x) is divided by 20?
18
Let m(n) = 148*n + 372. What is the remainder when 9347 is divided by m(-2)?
75
Suppose -7*t = -j - 4*t - 255, 0 = j + 4*t + 234. Let d = j + 266. Calculate the remainder when 79 is divided by d.
19
Let v = 45 + -14. Suppose c + 47*c - 9264 = 0. Suppose 0 = c*y - 190*y - 63. What is the remainder when v is divided by y?
10
What is the remainder when 102 is divided by (25 - 28)/((-6)/52*1)?
24
Let l(y) = y**2 - 17*y + 20. What is the remainder when 206 is divided by l(19)?
32
Let d(h) = -35*h. Let n be d(-3). What is the remainder when n/(-20) + 5 + 301/4 is divided by 21?
12
Suppose m - 23 = -5*f, m - f - f - 37 = 0. Calculate the remainder when m is divided by (2*-6)/(-10 - (-286)/33).
6
Let x be -3 + 3 + -3 - -1. Let k be (60/16)/(x/8). Calculate the remainder when 214 is divided by k/(-5) - (-53 - -2).
52
Let x(g) = 25*g + 78. Let s be x(11). Suppose 2*i - s - 501 = 0. What is the remainder when i is divided by 39?
37
Let g(c) = -c**3 + 17*c**2 - 14*c - 11. Suppose -12*f + 31*f - 304 = 0. Let a(m) = -82*m - 1. What is the remainder when a(-1) is divided by g(f)?
18
Suppose -55*p + 60*p = -2*w + 202, 5*p = 2*w - 222. Calculate the remainder when 1162 is divided by w.
102
Let v be (-2)/14 + 1710/63. Suppose 5*o = -3*q + 56, v*q - 22*q + 2*o = 125. What is the remainder when q is divided by 14?
13
Let c = -1850 + 1938. Calculate the remainder when 346 is divided by c.
82
Let d = -6836 + 6895. Calculate the remainder when 12268 is divided by d.
55
Let c(m) = 142*m**2 - 13*m - 10. Let f be c(-3). Let i = -917 + f. Calculate the remainder when i is divided by 14.
12
Suppose -2*g = -2*h - 4, h + 2*g + 35 = 30. Let p be (0 - -2)/(0 - 1). Calculate the remainder when p*((-36)/(-8) + h) + 9 is divided by 5.
1
Suppose 15*p - 17*p = 12. Let l = -71 - -109. What is the remainder when -4 - (1600/p - 3/9) is divided by l?
35
Calculate the remainder when 5044 is divided by (196/(-10))/(12/20*16 + -10).
46
Suppose -30*o - 51*o + 810 = 0. Calculate the remainder when 2289 is divided by o.
9
Let z = -5336 + 5380. Calculate the remainder when 5807 is divided by z.
43
Let b be (-508)/(-36)*1 - (-3)/(-27). Let z(j) = -j**3 + 5*j**2 + j - 1. Let w be z(5). Calculate the remainder when 135 is divided by (119/b)/(2/w).
16
Let w be (140/(-7))/(-2) - 4. Suppose w*s = 70 + 350. Calculate the remainder when s is divided by 68.
2
Let l(s) = 2*s - 8. Suppose -3*a - 5*w + 69 = 10, a - 21 = -2*w. What is the remainder when a is divided by l(6)?
1
Suppose -p + 10*m + 37 = 14*m, 283 = 4*p + m. Calculate the remainder when 1522 is divided by p.
62
Suppose 0 = 3*w - 8*w + 40. Suppose 244 - 885 + 56 = -13*s. Calculate the remainder when s is divided by w.
5
Suppose 2*h = 4*r + 54, h - 54 = -h - 5*r. Suppose 9*a - 2*v - 44 = 6*a, 5*v + 47 = 3*a. What is the remainder when h is divided by a?
13
Suppose -344 = -4*f - 30*c + 25*c, -3*c - 344 = -4*f. What is the remainder when 770 is divided by f?
82
Let d(g) = 24 - 8*g**2 + g**3 - 2*g**3 - 14*g + 15*g. Calculate the remainder when 333 is divided by d(-8).
13
Suppose 154 = 12*o - 1846 - 1672. What is the remainder when o is divided by 58?
16
Let y(o) = -o - 1. Let g be y(-4). Suppose -c + n + 32 = g*c, 0 = -2*n. What is the remainder when 42/7 + (20 - 12) is divided by c?
6
Suppose 0 = 4*x - 5*t - 4629, 0*x - 2*x + 3*t + 2313 = 0. Calculate the remainder when x is divided by 117.
108
Suppose 3*i = -0*i + 4*j - 5216, 3*i = 3*j - 5217. What is the remainder when (18/(-15))/(9/i) is divided by 39?
37
Let t = 82 + -86. Let o be (-1 + t/(-8))*2*2. Calculate the remainder when -27 - -74 - 2/(2/o) is divided by 13.
10
Let y = 1060 + -870. What is the remainder when 742 is divided by y?
172
Suppose 130*y + 192 = 129*y. Let f = -146 - y. What is the remainder when f is divided by 14?
4
Let t(l) = -l**2 + 2*l**2 + 226 - 447 + 246. Let z(v) = -v**3 + 6*v**2. Let p be z(6). What is the remainder when 74 is divided by t(p)?
24
Let p = -101 + 2. Let o = -5 - p. What is the remainder when o is divided by (-2)/8 - (-147)/12?
10
Let u(v) = v**3 + 3*v**2 - 28*v + 6. Let c be u(4). Let q(r) = r**2 - 14*r + 67. Calculate the remainder when 46 is divided by q(c).
8
Let r be 258/(-18) - (-1 - 15/(-9)). What is the remainder when 76 is divided by (9 - 1)*r/(-6)?
16
Suppose 0*p + 72 = -4*p. Let t = -67 - -70. Calculate the remainder when p/(-6) - (1 - 1) is divided by t.
0
Suppose 163*a = 280*a - 12519. Calculate the remainder when 1097 is divided by a.
27
Let g be (-985)/2 - ((-10)/(-20) + 1). Let c = -426 - g. What is th